**2. List the prime factors of q(-3).
61
Let w = -187 + 2593. List the prime factors of w.
2, 3, 401
Suppose r = -x - 91 - 40, 0 = 2*r + 3*x + 263. Let v = 239 + r. Let a = v + -39. What are the prime factors of a?
2, 5, 7
Let p(d) = 5*d**2 - 65*d + 55. List the prime factors of p(45).
5, 1451
Suppose 12*n = -4*n + 64. Suppose -3*g = 4*t - 2351, 16*g - 20*g - n*t + 3140 = 0. List the prime factors of g.
3, 263
Let n be (-55)/(-19) - (-9)/((-2394)/(-28)). Suppose -n*d + 1563 = -0*x + 5*x, 0 = 4*x. List the prime factors of d.
521
Let y = 13319 - 8874. What are the prime factors of y?
5, 7, 127
Suppose 0 = -3*s + 296 + 337. Let n be (-382)/3*(27 - 30). Let l = n - s. List the prime factors of l.
3, 19
List the prime factors of (72/(-81))/((-72)/112428).
2, 347
Let w = -582 + 1317. Let u = 1335 - w. What are the prime factors of u?
2, 3, 5
Let b(s) = -3*s**2 + 2*s + 4. Let k be b(-8). Let q = 44 - k. What are the prime factors of q?
2, 31
Suppose 2*h + 9 = 3*r, -5*r - 4*h - h = -40. Suppose 5*z - 20 = z, -p + r*z = 42. Let m = p - -22. List the prime factors of m.
5
Let f(m) = 7*m**3 + 5*m**2 - m - 2. Let c be f(-2). Let l = c + 38. Let w = l + 110. List the prime factors of w.
2, 7
Let t = -8195 + 16118. List the prime factors of t.
3, 19, 139
Suppose 4*u = 16*u - 24. Suppose 4*w - q = 28 + 17, w - 6 = u*q. What are the prime factors of (w/16)/((-3)/(-912))?
2, 3, 19
Suppose -13928 = -6*f + 8*n - 6*n, -f + n = -2324. What are the prime factors of f?
2, 5, 29
Suppose -2*x + x - 3 = -3*q, 4*x - 10 = q. Suppose -4*d + 1074 = 2*p, 1342 = 5*d + 5*p - x*p. What are the prime factors of d?
2, 67
Let z(n) be the second derivative of -6*n + 0 + 0*n**4 + 67/2*n**2 + 1/20*n**5 + 1/2*n**3. What are the prime factors of z(0)?
67
Suppose 59345 + 92455 = 50*b. What are the prime factors of (b/(-42))/(6/(-42))?
2, 11, 23
Suppose 1862 - 11709 = -54*c + 1439. What are the prime factors of c?
11, 19
Suppose -2*i + 3*j = 14, -2*i - 3*j = -0*i + 14. What are the prime factors of ((-207)/27 - i) + 9412/6?
2, 7
Let q(c) = 2*c**3 + 12*c**2 + 7*c + 10. Let w(i) = i**2 + 1. Let h(o) = -q(o) + 4*w(o). Suppose 5 = -4*y - 15. List the prime factors of h(y).
79
Let l(t) = -992*t + 384. List the prime factors of l(-18).
2, 3, 5, 19
Let d = 90 + -36. Let p(w) = -3*w**2 + 3*w + 18. Let o be p(-5). What are the prime factors of ((-606)/4)/(d/o)?
2, 101
Suppose -8*u - 14*u - 6270 = 0. Let k = 692 + u. What are the prime factors of k?
11, 37
Let l(z) = 110 - 20*z + 24*z + 4*z. List the prime factors of l(29).
2, 3, 19
Suppose -48*v - 49*v + 318696 = -85*v. List the prime factors of v.
2, 7, 271
Let j(z) = z**3 + 5*z**2 + 2*z - 7. Let t be j(-4). Let d be 2 + (-3 - t) + 5. List the prime factors of (16/d)/(3/36*4).
2
Let y = 216 - -16. Suppose 0*a + y = a. List the prime factors of a.
2, 29
Suppose -224 = 3*v - 233. Suppose -v*i + 88 = -8. What are the prime factors of i?
2
Let a(p) = 3*p**2 - 19*p + 25. Let z be a(5). Suppose 34 = -2*k + 4*o + 82, -k + z*o = -33. List the prime factors of k.
2, 3
Let l = 67482 + -16987. List the prime factors of l.
5, 10099
Let h(y) = y**3 + 5*y**2 - 8*y - 3. Let v be h(-6). Let m = v - 8. List the prime factors of ((2/m)/2)/((-2)/(-90)).
3, 5
Let n = 8876 - 3030. What are the prime factors of n?
2, 37, 79
Suppose -4*b - 35*b = -117. Suppose b*r - 2249 = 922. What are the prime factors of r?
7, 151
Let u(i) be the first derivative of i**4/4 + 20*i**3/3 - 19*i**2/2 - 23*i - 272. List the prime factors of u(-10).
3, 389
Let z(a) = 13*a + 62. Let m(p) = -2*p + 2. Let j(g) = -6*m(g) + z(g). List the prime factors of j(9).
5, 11
Let u(c) = 6 - 409*c - 7 + 390*c - 17. Suppose -y + 11 = -3*g, 5*y + 3 = 5*g + 8. What are the prime factors of u(y)?
2, 29
Let o(j) = 8*j**2 + 66*j + 179. What are the prime factors of o(77)?
23, 29, 79
Suppose 6075794 = 230*f + 117*f - 13*f. List the prime factors of f.
18191
Suppose 2*w = -3*l - 7, 0 = 3*w - 0*w - 3*l + 3. Let b(x) = -x**2 + x - 2. Let f be b(w). What are the prime factors of ((-24)/(-14))/(f/(-336))?
2, 3
Suppose -12*u = -8*u - 2*d - 29666, 4*u = 3*d + 29671. What are the prime factors of u?
2, 11, 337
Let a(t) = -3*t**3 - 153*t**2 + 23*t - 25. What are the prime factors of a(-53)?
2, 5, 7, 223
Suppose 2*f - 442 = 2*r, -217 = r - 3*f + 4*f. List the prime factors of 0 + r/(6/(-6 - -4)).
73
Let w(i) = 10*i**3 - 10*i**2 - 64*i + 1070. What are the prime factors of w(14)?
2, 101, 127
Suppose 5952760 = -2716*o + 2882*o. What are the prime factors of o?
2, 5, 11, 163
Let m(g) = -4*g - 44. Let i be m(-13). Let t(v) = -v**3 + 9*v**2 - 11*v + 12. Let h be t(i). List the prime factors of (8/h)/(4200/(-2097) + 2).
233
Suppose -x + 4*n - 16 = 0, 0*x - 5*x + 4 = n. Suppose x*v - 5*v = 4*t - 240, -233 = -4*v + 5*t. Suppose 2*y - 32 - v = 0. List the prime factors of y.
2, 3, 7
Let j = -5617 + 11339. What are the prime factors of j?
2, 2861
Suppose -109*l - 252331 = -126*l. What are the prime factors of l?
14843
Suppose -7*v - 468 = -3*v - 2*f, 3*v + 2*f + 344 = 0. What are the prime factors of 6/((66/v)/(-11))?
2, 29
Let v(c) = -c + 14. Let q be v(12). Suppose q*p = 7*o - 2*o - 1610, -3*o + 940 = 4*p. What are the prime factors of o?
2, 5
Let o = -1036 - -2344. List the prime factors of o/6 - 16/(8/(-2)).
2, 3, 37
Let v(o) = 12*o**2 - 8*o - 91. What are the prime factors of v(20)?
4549
Let r = 47188 - 32521. List the prime factors of r.
3, 4889
Suppose -95*l - 73*l + 206491 + 1340117 = 0. What are the prime factors of l?
2, 4603
Suppose 87 = -7*n - 2202. Let m = n - -399. List the prime factors of m.
2, 3
Suppose 129073 = 5*v + 3*q, 2*v - 14*q + 9*q = 51654. What are the prime factors of v?
11, 2347
Let p be (-23858)/(-21) - (-2)/(-21). Let q = p + -277. List the prime factors of q.
859
Let d(w) = -2*w**2 - 10*w - 3. Let o be d(-4). Suppose -3*j - 301 + 15 = -o*n, -2*j - 5*n = 224. Let z = 121 + j. List the prime factors of z.
19
Suppose a - 18 = 2*z - 7*z, 0 = 4*z + 4*a - 24. Suppose 537 = 3*g + k - 1535, z*g - k = 2074. List the prime factors of g.
691
Suppose 12*q - 94864 = q. List the prime factors of (3/4*-2)/((-33)/q).
2, 7
List the prime factors of (2748*9/189)/(2/161).
2, 23, 229
Let q be (-30)/(-4) - (-6)/4. Let l be (1*(-4)/6)/(q/(-243)). Suppose l = x - 4*r - 7, -145 = -3*x - 2*r. List the prime factors of x.
3, 5
Let j = 1806 - 1280. Let x(z) = 519 + 0*z**2 + z**2 - j - 3*z. What are the prime factors of x(10)?
3, 7
Suppose 7*f - 2*f - 30 = 0. Suppose f*d - 2739 = -255. Suppose -q - 5*q = -d. List the prime factors of q.
3, 23
Suppose 17125 - 2390 = 5*t. Let g = t - 1799. What are the prime factors of g?
2, 7, 41
Suppose 0 = -2*d + 68 - 22. Suppose -3*p = 76 + d. List the prime factors of (p/(-22))/(3/284).
2, 71
Let l(s) = 15*s - 152. Let h be l(-14). Let z = h + 702. What are the prime factors of z?
2, 5, 17
Let l(b) be the first derivative of 2*b**3 - 11*b**2/2 + 7*b - 106. What are the prime factors of l(9)?
2, 197
Let u(j) = -j**3 + 10*j**2 - 3*j - 50. Let r be u(9). Suppose 2*p - 1738 = 2*l + 3*l, -4*p + 3464 = -r*l. What are the prime factors of p?
2, 3
Suppose -3*o + 4386 + 16938 = 0. What are the prime factors of o?
2, 1777
Let b = -566 + 1588. What are the prime factors of b?
2, 7, 73
Let z(h) = h + 74. Let p be z(18). Suppose -86*w = -p*w + 6876. List the prime factors of w.
2, 3, 191
Suppose 5*b - 12*k + 2136 = -16*k, -k + 1 = 0. Let h = 1363 + b. List the prime factors of h.
5, 11, 17
Suppose 313*x = 368*x - 2569710. What are the prime factors of x?
2, 3, 13, 599
Suppose 5*z - 57 = -2. Let o = z - 7. Suppose 2*g - 110 = -0*g - o*n, -3*g = -n - 130. List the prime factors of g.
3, 5
Suppose 0 = l + 5*t - 89, -74*l + 206 = -72*l + 3*t. Suppose 46 + 169 = -5*v. Let r = l + v. What are the prime factors of r?
2, 3, 11
Suppose -217*s + 175*s + 119826 = 0. List the prime factors of s.
3, 317
Let q(h) = -3*h**3 + 21*h**2 + 20*h - 16. List the prime factors of q(-9).
2, 13, 71
List the prime factors of ((-3)/(-9)*-5)/(-38 - 43867285/(-1154403)).
3, 5, 4423
Let q(h) = 2039*h**2 + 2067*h. What are the prime factors of q(-2)?
2, 2011
Let u = 49014 + -32887. List the prime factors of u.
16127
Suppose 0 = -3*v + 97 + 8. Let u be (-4 - v/(-10))*-14. Suppose u*k - 816 + 228 = 0. What are the prime factors